{"id":255,"date":"2017-05-22T14:37:23","date_gmt":"2017-05-22T12:37:23","guid":{"rendered":"http:\/\/www.ch-chalon71.fr\/urologues\/?page_id=255"},"modified":"2024-03-24T22:08:20","modified_gmt":"2024-03-24T21:08:20","slug":"prendre-rendez-vous","status":"publish","type":"page","link":"https:\/\/www.ch-chalon71.fr\/urologues\/prendre-rendez-vous\/","title":{"rendered":"Prendre rendez-vous"},"content":{"rendered":"<h2>Pour prendre un rendez-vous<\/h2>\n<p>Nous assurons des consultations sur rendez-vous ou en urgences si besoin, du Lundi au Vendredi, ainsi que des urgences urologiques 7j\/7 et 24h\/24.<\/p>\n<p>Des consultations sont assur\u00e9es les lundi et mercredi sur Montceau les Mines et le Mardi sur Autun.<\/p>\n<h3>Consultation<\/h3>\n<p>Accueil t\u00e9l\u00e9phonique du Lundi au Vendredi 9h \u00e0 16h30 Tel : 03 85 91 00 31 ou passez par le standard et demandez le 22 32 11<\/p>\n<p>Fax\u00a0: 03 85 91 02 04<\/p>\n<p>Via Doctolib, des cr\u00e9neaux de rendez-vous suppl\u00e9mentaires sont possibles pour l&rsquo;ensemble des praticiens:<\/p>\n<p><a href=\"https:\/\/www.doctolib.fr\/chirurgien-urologue\/chalon-sur-saone\/nicolas-koutlidis\">https:\/\/www.doctolib.fr\/chirurgien-urologue\/chalon-sur-saone\/nicolas-koutlidis<\/a><\/p>\n<p><a href=\"https:\/\/www.doctolib.fr\/chirurgien-urologue\/chalon-sur-saone\/sebastien-bassard\">https:\/\/www.doctolib.fr\/chirurgien-urologue\/chalon-sur-saone\/sebastien-bassard<\/a><\/p>\n<p>https:\/\/www.doctolib.fr\/chirurgien-urologue\/chalon-sur-saone\/mattia-cerasuolo<\/p>\n<h3>Tableau des consultations<\/h3>\n<table>\n<tbody>\n<tr>\n<td><\/td>\n<td>Lundi<\/td>\n<td>Mardi<\/td>\n<td>Mercredi<\/td>\n<td>Jeudi<\/td>\n<td>Vendredi<\/td>\n<\/tr>\n<tr>\n<td>Nicolas KOUTLIDIS<\/td>\n<td>X (journ\u00e9e)<\/td>\n<td>\u00a0X (matin)<\/td>\n<td><\/td>\n<td><\/td>\n<td>X (journ\u00e9e)<\/td>\n<\/tr>\n<tr>\n<td>S\u00e9bastien BASSARD<\/td>\n<td>X (journ\u00e9e)<\/td>\n<td><\/td>\n<td><\/td>\n<td>\u00a0X (matin)<\/td>\n<td>X (journ\u00e9e)<\/td>\n<\/tr>\n<tr>\n<td>Thibaud DALIN, Assistant d&rsquo;urologie<\/td>\n<td><\/td>\n<td>X (AM)<\/td>\n<td><\/td>\n<td><\/td>\n<td><\/td>\n<\/tr>\n<tr>\n<td>Mattia\u00a0CERASUOLO<\/td>\n<td><\/td>\n<td><\/td>\n<td>\u00a0X (matin)<\/td>\n<td>X (journ\u00e9e)<\/td>\n<td><\/td>\n<\/tr>\n<\/tbody>\n<\/table>\n<h3><\/h3>\n<h3>Pour nous joindre\u00a0:<\/h3>\n<p><a href=\"mailto:nicolas.koutlidis@ch-chalon71.fr\">nicolas.koutlidis@ch-chalon71.fr<\/a>,<\/p>\n<p><a href=\"mailto:sebastien.bassard@ch-chalon71.fr\">sebastien.bassard@ch-chalon71.fr<\/a><\/p>\n<p>thibaud.dalin<a href=\"mailto:Alexandre.brun@ch-chalon71.fr\">@ch-chalon71.fr<\/a><\/p>\n<p><a href=\"mailto:mattia.cerasuolo@ch-chalon71.fr\" target=\"_blank\" rel=\"noopener noreferrer\">mattia.cerasuolo@ch-chalon71.fr<\/a><\/p>\n","protected":false},"excerpt":{"rendered":"<p>Pour prendre un rendez-vous Nous assurons des consultations sur rendez-vous ou en urgences si besoin, du Lundi au Vendredi, ainsi que des urgences urologiques 7j\/7 et 24h\/24. Des consultations sont assur\u00e9es les lundi et mercredi sur Montceau les Mines et le Mardi sur Autun. Consultation Accueil t\u00e9l\u00e9phonique du Lundi au Vendredi 9h \u00e0 16h30 Tel [&hellip;]<\/p>\n","protected":false},"author":1,"featured_media":0,"parent":0,"menu_order":99,"comment_status":"closed","ping_status":"closed","template":"","meta":{"_acf_changed":false,"footnotes":""},"class_list":["post-255","page","type-page","status-publish","hentry"],"acf":[],"_links":{"self":[{"href":"https:\/\/www.ch-chalon71.fr\/urologues\/wp-json\/wp\/v2\/pages\/255","targetHints":{"allow":["GET"]}}],"collection":[{"href":"https:\/\/www.ch-chalon71.fr\/urologues\/wp-json\/wp\/v2\/pages"}],"about":[{"href":"https:\/\/www.ch-chalon71.fr\/urologues\/wp-json\/wp\/v2\/types\/page"}],"author":[{"embeddable":true,"href":"https:\/\/www.ch-chalon71.fr\/urologues\/wp-json\/wp\/v2\/users\/1"}],"replies":[{"embeddable":true,"href":"https:\/\/www.ch-chalon71.fr\/urologues\/wp-json\/wp\/v2\/comments?post=255"}],"version-history":[{"count":20,"href":"https:\/\/www.ch-chalon71.fr\/urologues\/wp-json\/wp\/v2\/pages\/255\/revisions"}],"predecessor-version":[{"id":379,"href":"https:\/\/www.ch-chalon71.fr\/urologues\/wp-json\/wp\/v2\/pages\/255\/revisions\/379"}],"wp:attachment":[{"href":"https:\/\/www.ch-chalon71.fr\/urologues\/wp-json\/wp\/v2\/media?parent=255"}],"curies":[{"name":"wp","href":"https:\/\/api.w.org\/{rel}","templated":true}]}}