{"id":10,"date":"2017-05-11T11:06:55","date_gmt":"2017-05-11T09:06:55","guid":{"rendered":"http:\/\/www.ch-chalon71.fr\/urologues\/?page_id=10"},"modified":"2019-07-05T14:53:37","modified_gmt":"2019-07-05T12:53:37","slug":"consultations","status":"publish","type":"page","link":"https:\/\/www.ch-chalon71.fr\/urologues\/consultations\/","title":{"rendered":"Consultations"},"content":{"rendered":"<h3><strong><u>Comment venir :<\/u><\/strong><\/h3>\n<p>Ascenseur C, 1<sup>er<\/sup> \u00e9tage, se pr\u00e9senter au secr\u00e9tariat d&rsquo;Urologie<\/p>\n<h3><strong><u>Pour consulter en urgence :<\/u><\/strong><\/h3>\n<p>La semaine, contactez directement les secr\u00e9taires entre 9h et 17h au <strong>03 85 91 00 31<\/strong> ou passez par le standard et demandez le<strong> 22 32 11<\/strong> ou l&rsquo;Urologue de l&rsquo;h\u00f4pital.<\/p>\n<p>En dehors de ces horaires, merci de joindre soit l&rsquo;h\u00f4pital de Chalon sur Sa\u00f4ne, soit l&rsquo;h\u00f4pital de Montceau les Mines.<\/p>\n<ul>\n<li>Vous pouvez \u00e9galement vous adresser directement au Service d&rsquo;Accueil des Urgences de l&rsquo;H\u00f4pital de Chalon ou de Montceau les Mines (Standard t\u00e9l\u00e9phonique)<\/li>\n<li>Si possible, faites appel au pr\u00e9alable \u00e0 votre m\u00e9decin traitant<\/li>\n<\/ul>\n<p>Les sympt\u00f4mes qui doivent vous faire amener \u00e0 consulter en urgence sont les suivants. N\u2019h\u00e9sitez pas \u00e0 appeler en premier lieu votre m\u00e9decin traitant\u00a0qui saura vous guider\u00a0!<\/p>\n<ul>\n<li>Douleurs aigu\u00ebs dans les lombes<\/li>\n<li>Infection urinaire avec de la fi\u00e8vre<\/li>\n<li>Fi\u00e8vre apr\u00e8s des biopsies de prostate<\/li>\n<li>Impossibilit\u00e9 d\u2019uriner malgr\u00e9 l\u2019envie pressante<\/li>\n<li>Douleur aigu\u00eb dans les bourses (testicules)<\/li>\n<li>Sang dans les urines avec \u00e9limination de caillots g\u00eanant l\u2019\u00e9mission d\u2019urines.<\/li>\n<li>Plaies de la verge<\/li>\n<li>Traumatisme de la verge ou des testicules (avec douleur et h\u00e9matome)<\/li>\n<li>Erection prolong\u00e9e et douloureuse avec impossibilit\u00e9 de d\u00e9tumescence (plus de 2 heures)<\/li>\n<li>Impossibilit\u00e9 de recalotter la verge<\/li>\n<\/ul>\n<p>Adresse : Rue du capitaine Drillien, 71100 Chalon sur Sa\u00f4ne<\/p>\n<p>T\u00e9l\u00e9phone du service : <strong>03 85 91 04 43<\/strong><\/p>\n","protected":false},"excerpt":{"rendered":"<p>Comment venir : Ascenseur C, 1er \u00e9tage, se pr\u00e9senter au secr\u00e9tariat d&rsquo;Urologie Pour consulter en urgence : La semaine, contactez directement les secr\u00e9taires entre 9h et 17h au 03 85 91 00 31 ou passez par le standard et demandez le 22 32 11 ou l&rsquo;Urologue de l&rsquo;h\u00f4pital. En dehors de ces horaires, merci de [&hellip;]<\/p>\n","protected":false},"author":1,"featured_media":0,"parent":0,"menu_order":2,"comment_status":"closed","ping_status":"closed","template":"","meta":{"_acf_changed":false,"footnotes":""},"class_list":["post-10","page","type-page","status-publish","hentry"],"acf":[],"_links":{"self":[{"href":"https:\/\/www.ch-chalon71.fr\/urologues\/wp-json\/wp\/v2\/pages\/10","targetHints":{"allow":["GET"]}}],"collection":[{"href":"https:\/\/www.ch-chalon71.fr\/urologues\/wp-json\/wp\/v2\/pages"}],"about":[{"href":"https:\/\/www.ch-chalon71.fr\/urologues\/wp-json\/wp\/v2\/types\/page"}],"author":[{"embeddable":true,"href":"https:\/\/www.ch-chalon71.fr\/urologues\/wp-json\/wp\/v2\/users\/1"}],"replies":[{"embeddable":true,"href":"https:\/\/www.ch-chalon71.fr\/urologues\/wp-json\/wp\/v2\/comments?post=10"}],"version-history":[{"count":9,"href":"https:\/\/www.ch-chalon71.fr\/urologues\/wp-json\/wp\/v2\/pages\/10\/revisions"}],"predecessor-version":[{"id":323,"href":"https:\/\/www.ch-chalon71.fr\/urologues\/wp-json\/wp\/v2\/pages\/10\/revisions\/323"}],"wp:attachment":[{"href":"https:\/\/www.ch-chalon71.fr\/urologues\/wp-json\/wp\/v2\/media?parent=10"}],"curies":[{"name":"wp","href":"https:\/\/api.w.org\/{rel}","templated":true}]}}